
True
Is 183557508877 a prime number?
True
Is 4107629809 prime?
False
Is 1556099429 composite?
True
Is 716918977 a composite number?
True
Is 1326120547 composite?
True
Is 58250459759 a prime number?
False
Is 261411863 a prime number?
False
Is 1015897793 a prime number?
True
Is 3540068317 a composite number?
False
Is 80101321 composite?
True
Is 755282093 composite?
True
Is 139178777 a composite number?
False
Is 18336186147 a composite number?
True
Is 55564152797 composite?
False
Is 486985511 composite?
False
Is 949051769 prime?
True
Is 24124263062 composite?
True
Is 276093193 prime?
True
Is 2482668427 a composite number?
False
Is 103515342893 a composite number?
False
Is 2643436183 a composite number?
False
Is 13060403579 composite?
True
Is 4554785281 composite?
True
Is 1367833738 a composite number?
True
Is 5430328507 prime?
True
Is 254095763413 a composite number?
False
Is 56682960871 a prime number?
True
Is 4545467141 prime?
True
Is 624640034 a composite number?
True
Is 4834806811 prime?
True
Is 3095349559 composite?
False
Is 337610477233 a prime number?
False
Is 380209759 a prime number?
True
Is 8779595057 prime?
False
Is 125335002341 composite?
True
Is 225177349 composite?
True
Is 2044293037 composite?
True
Is 1224448406 a prime number?
False
Is 27413599999 a prime number?
False
Is 304209581 composite?
True
Is 8976049 prime?
False
Is 380078831035 a composite number?
True
Is 15040057015 a composite number?
True
Is 30384628039 prime?
False
Is 334397593 prime?
False
Is 29917 a composite number?
False
Is 302283566353 composite?
True
Is 62088011941 prime?
False
Is 1402660261 a composite number?
True
Is 1320309519 a composite number?
True
Is 3671283337 a composite number?
False
Is 282714037 prime?
True
Is 414902513 prime?
True
Is 52721966093 a composite number?
True
Is 1757661263 a prime number?
False
Is 320216371 composite?
True
Is 1700652091 prime?
True
Is 869626501 a composite number?
False
Is 8055596267 a composite number?
True
Is 2623674499 composite?
False
Is 4784859503 a composite number?
True
Is 366315031 a prime number?
False
Is 935889689 a prime number?
False
Is 79556489 a prime number?
False
Is 13143211 a prime number?
True
Is 571083241 composite?
True
Is 1883241683 prime?
True
Is 10025387431 a composite number?
True
Is 880093837 composite?
True
Is 113762122093 a prime number?
True
Is 10678237403 composite?
True
Is 7160370751 composite?
False
Is 46869102919 composite?
True
Is 106963789 prime?
True
Is 616002221 composite?
True
Is 50809538258 a composite number?
True
Is 5946492899 prime?
True
Is 2057598187 prime?
False
Is 1109544773 a prime number?
True
Is 10589201719 a composite number?
True
Is 12851580037 composite?
True
Is 7168615307 prime?
False
Is 54841161241 composite?
True
Is 9216107093 a composite number?
True
Is 756190229 composite?
False
Is 412045181 a composite number?
False
Is 52536800981 prime?
False
Is 19155073137 a composite number?
True
Is 138353273759 a composite number?
False
Is 4730575622 prime?
False
Is 63242281 a composite number?
True
Is 1831767115 a composite number?
True
Is 1845837299 prime?
False
Is 15507057001 a composite number?
True
Is 25125533059 a prime number?
False
Is 13205251229 composite?
False
Is 165151209703 composite?
False
Is 2089173847 a composite number?
False
Is 449381251 a prime number?
False
Is 102254851 a composite number?
True
Is 13088023229 prime?
True
Is 71697589 a prime number?
False
Is 850330879 a prime number?
False
Is 63008594123 prime?
True
Is 67171866451 a composite number?
False
Is 1742687579 a composite number?
False
Is 2752061671 composite?
False
Is 3225693971 prime?
False
Is 3627144427 prime?
True
Is 301004237 composite?
True
Is 18967970271 composite?
True
Is 650387213 a composite number?
True
Is 532183853 a prime number?
False
Is 585937679 prime?
False
Is 3146963639 prime?
False
Is 434853593 prime?
True
Is 67967367119 prime?
True
Is 84924726521 composite?
False
Is 1114836799 a prime number?
False
Is 224810821 composite?
True
Is 2759601907 composite?
True
Is 980125529 prime?
True
Is 1271813407 a composite number?
False
Is 510125611 a prime number?
True
Is 2470520333 a composite number?
False
Is 145247122 a composite number?
True
Is 613989743 a prime number?
False
Is 762876641 composite?
True
Is 4171059917 a prime number?
True
Is 10519072019 a composite number?
False
Is 777042391 a composite number?
False
Is 2375362279 a composite number?
False
Is 758146691 composite?
True
Is 14324526917 a composite number?
True
Is 5249507309 a prime number?
True
Is 9398596231 a prime number?
True
Is 29380187983 composite?
False
Is 1934459917 composite?
True
Is 2854135127 prime?
True
Is 58464109271 composite?
True
Is 732140831 a prime number?
True
Is 11718272641 a composite number?
False
Is 505397489 prime?
False
Is 89068799 a prime number?
True
Is 4012262369 prime?
True
Is 259068449 composite?
False
Is 16146954437 composite?
True
Is 25815527669 a prime number?
True
Is 48538609841 a prime number?
True
Is 115891302473 a composite number?
False
Is 178578689 composite?
False
Is 37947580289 a prime number?
True
Is 50651395213 prime?
True
Is 5829159877 prime?
False
Is 243640589 a prime number?
True
Is 792780421 prime?
False
Is 1643954029 a composite number?
True
Is 1725479177 prime?
True
Is 1357851229 composite?
True
Is 38129634889 a prime number?
False
Is 393508691 a composite number?
True
Is 912570179 a prime number?
True
Is 1279020157 composite?
True
Is 3545907374 a prime number?
False
Is 91876461197 prime?
True
Is 2888447959 prime?
True
Is 174469313 a composite number?
True
Is 1694806943 composite?
False
Is 373238 composite?
True
Is 12164552007 a prime number?
False
Is 619972393 prime?
True
Is 612875747 composite?
True
Is 194310943 a prime number?
True
Is 24709229393 a composite number?
True
Is 32329044613 a composite number?
True
Is 126018917 composite?
True
Is 3048298651 a prime number?
True
Is 8574325229 prime?
False
Is 61401795629 prime?
True
Is 117577413263 prime?
True
Is 380355119 a prime number?
True
Is 7555409713 a prime number?
True
Is 1885252393 a composite number?
True
Is 319970711 composite?
False
Is 69633733333 a composite number?
True
Is 1608458711 prime?
True
Is 2933559023 composite?
True
Is 221558500385 composite?
True
Is 1518155401 a prime number?
False
Is 3943105841 a composite number?
True
Is 7028206111 composite?
False
Is 3528230861 a composite number?
False
Is 31835813077 composite?
False
Is 189578563 a prime number?
True
Is 54186321619 composite?
False
Is 187442729 prime?
False
Is 13318097341 composite?
True
Is 717385169 a prime number?
False
Is 4142992703 composite?
False
Is 66716433689 prime?
False
Is 357915427 a prime number?
False
Is 21135868847 prime?
False
Is 231915479 a prime number?
False
Is 56210010587 prime?
False
Is 469130483 a prime number?
True
Is 116445065873 a composite number?
True
Is 640719421 composite?
True
Is 2186815997 prime?
False
Is 2878171339 a prime number?
False
Is 2286600367 a prime number?
True
Is 46197132199 a composite number?
True
Is 5390907701 a composite number?
True
Is 634441531 a prime number?
True
Is 41908081883 prime?
True
Is 655666976531 prime?
False
Is 288226451 composite?
False
Is 2366133107 a prime number?
False
Is 1250580053 a composite number?
False
Is 1920454933 a prime number?
True
Is 52663841 prime?
False
Is 9291984551 a prime number?
True
Is 134030124233 a prime number?
False
Is 10640513113 a composite number?
False
Is 691520250601 a composite number?
False
Is 50403877109 a composite number?
False
Is 3928710041 a composite number?
True
Is 292064401 composite?
True
Is 721521443 prime?
False
Is 1844527873 composite?
False
Is 9947015569 composite?
True
Is 1873218747 a composite number?
True
Is 183840229853 a composite number?
True
Is 1505634853 a composite number?
False
Is 10430952563 prime?
False
Is 16004727503 a composite number?
True
Is 277423277 a composite number?
False
Is 17441482391 a composite number?
False
Is 11433231283 prime?
True
Is 472327949 a prime number?
False
Is 1564766809 composite?
False
Is 15019133891 a prime number?
False
Is 6224903339 composite?
True
Is 1821671333 prime?
True
Is 87994378939 a prime number?
True
Is 72861883 composite?
False
Is 21761784659 a composite number?
False
Is 782158358 a prime number?